+ -12 - -3)?
6
What is 0 + 0 - 18 - (-171 - -176)?
-23
What is -13 - (-70 + 57 + (1 - -11))?
-12
-6 + 23 + -13 - ((-4 - -10) + -13)
11
Evaluate -3 - ((-11 - -5) + 7).
-4
Calculate 7 - ((-3 + -6 - -1) + 4).
11
Calculate 14 + -4 - (8 - (-1 + 1)) - 8.
-6
16 - 17 - 17 - (-2 - (0 + 1))
-15
What is (-49 - -44) + -9 + 1 - -8?
-5
What is 1 - 1 - (11 + -4 + -6) - 8?
-9
Calculate -10 - ((-7 - 1) + -4).
2
Evaluate -12 - -20 - (13 + 3) - (-2 + 4).
-10
What is (8 + 2 - (-5 + 13 - 20)) + -11?
11
What is (14 + -24 - -16) + (-2 - 6)?
-2
What is the value of (-9 - (-15 + 12)) + 0 + -14?
-20
11 + (2 - 1) + (40 - 3) + -36
13
What is (3 - (-10 - -13)) + -2?
-2
Calculate -9 + (0 + -8 - -20) - 12 - 5.
-14
Calculate -1028 + 1022 + (0 + 0 - -14).
8
Calculate (-5 - 0) + 233 + -219.
9
Calculate 10 - 11 - 4 - (2 + 6).
-13
What is the value of (2 - 11) + -5 + 33 + -14?
5
Calculate (3 + 13 - 14) + 43 - 17.
28
Calculate (-8 - (-10 + -1)) + -5 - 3.
-5
Calculate 4 + 2 + -1 + (-3 + 1 - 3).
0
Calculate 72 - 27 - 0 - 21.
24
Evaluate -7 + 29 + 13 + -28.
7
-25 + 15 + (0 - 3)
-13
Evaluate (-23 - (10 + -15)) + 34 + (-1 - 0).
15
What is -2 + 15 - (139 - 141)?
15
Evaluate -4 - (-5 - (13 + -2)).
12
What is 1 + (14 + -1 - (-6 + -12 + 22))?
10
Calculate -2 - ((8 - 6) + -11 + 7).
0
What is 11 + -7 + 24 + -13 + 4 + 6?
25
What is 5 - ((8 - -5) + -1 + -5 + 4)?
-6
What is (3 - -1) + (-9 - -15 - -4) + -5?
9
Evaluate -29 + 15 + (-6 + 3 - -3).
-14
(-8 - -5 - 3) + -3
-9
-2 + -7 + (0 - -6) + (-19 - -14)
-8
What is the value of 4 - (1 + (3 - (4 + -8) - 7))?
3
Calculate -5 - ((-7 + (-3 - -13) - 1) + 6).
-13
What is 0 - (2 - 7) - (-2 + (-4 - 0))?
11
Calculate -22 + -16 + -10 + 25.
-23
What is the value of (-7 - -42) + 2 + 1 + -16?
22
What is 2 - -9 - (-1 - -4)?
8
What is the value of -71 + 62 - (-2 + 2 + -1)?
-8
Calculate 14 + (-12 - 9) + 10 - 13.
-10
What is the value of 10 - (8 - 24) - 16?
10
Calculate 44 + -31 + -9 + 20.
24
What is 691 + -699 + -2 + 33?
23
What is the value of (-27 - -36) + (-1 - 1 - 3)?
4
What is (-6 - -6) + (1 - 5) + (18 - 8)?
6
(4 - -5) + 9 + -9
9
Evaluate (-12 + 4 - -10) + (6 - -7).
15
What is the value of 193 + -194 - (11 + -2)?
-10
Evaluate -18 - (11 + -38) - 24.
-15
What is 92 - 89 - (0 - (-2 - (-5 - 23)))?
29
Evaluate -53 - ((-23 - -15) + -24).
-21
What is 10 - 1 - (-11 + 20 + -7 + 3)?
4
Evaluate (10 - -23) + -11 + -6.
16
Calculate (1 - 8) + (9 - 12 - -11).
1
What is the value of 3 - (-6 + (-3 - (3 - 7)))?
8
Calculate -1 - 29 - (-201 + 168).
3
74 - 70 - (-3 + 1)
6
What is (32 - 41 - (2 + -11)) + 0 + 7?
7
What is ((-2 - 4) + 6 - (-6 - -1)) + 11?
16
What is (-5 - 11) + 4 + 9?
-3
What is the value of 79 + -44 - 28 - -20?
27
-6 + 15 + 3 + 4 + -10
6
4 + (11 - -2 - 5 - 15)
-3
Evaluate 8 + (3 - 4 - -1) - 13.
-5
Evaluate (-3 - 1) + (-29 - -45) - -11 - 3.
20
Calculate (-7 + 0 + -1 + 8 - 3) + -7.
-10
What is (6 + -7 - -5) + -32 + 1 + 6?
-21
What is the value of (-13 - (-9 - 3) - (4 - 5)) + 6?
6
3 - (14 - 5) - (-1 + 1 + -1)
-5
Calculate (-186 - -171) + 19 + 0.
4
(92 - 25) + -35 - 9
23
What is 19 - (0 + 0 - (26 - (-37 + 73)))?
9
What is the value of (5 - 26) + -14 - -18?
-17
(-2 - 21) + -116 + 126
-13
What is 13 - (2 - -2) - (27 - (10 - 2))?
-10
What is 4 + -29 + 21 + (-5 - -1)?
-8
What is -3 + -3 + (-8 - 1 - -4) + 6?
-5
Evaluate 62 - 57 - (-4 + -2).
11
What is (26 - (-16 + 15 + 8)) + -2 + 3?
20
Calculate 1 + (5 - (-2 - 7) - 6) + -2.
7
Calculate 6 + 2 - 10 - -10 - 14.
-6
Evaluate 15 - ((2 - (-34 + 18)) + -12).
9
Calculate (-3 - (12 + -24)) + 6.
15
What is the value of 17 - (6 - 8) - (11 - 3)?
11
(1 - -4) + (4 - 9 - 5)
-5
What is (9 - 11) + 10 + 3?
11
6 + (-6 - (-6 - (-1 + 0)))
5
-7 + (-3 - 24) - (33 - 45)
-22
What is -8 + 34 - (4 - -30)?
-8
Calculate -18 - (-59 - (-18 - -13 - 2)).
34
What is 0 + 2 + 2 + -4 - (2 + -10)?
8
Evaluate -9 + (14 + -8 - -13) + -5.
5
Calculate 13 - ((-4 - 2) + 59 - 13).
-27
15 - (2 + -4 + (-6 - (-11 + 8)))
20
8 - (39 + (7 - (-1 - -24)))
-15
What is the value of (-2 - 6 - -1) + 5 + -8?
-10
0 - -7 - (-11 - (26 + -44))
0
What is -13 + 33 - ((10 - 7) + (-2 - -4))?
15
Calculate -12 - (26 - 1 - (-10 - (-5 + -1))).
-41
8 - (11 - 11 - -9 - -10)
-11
Calculate 5 - (3 + -26 + 17).
11
(-18 + 1 + (16 - 7) - 0) + 8
0
Calculate (24 - (33 + -34 - (-5 - -3))) + -1.
22
Evaluate 10 + (5 + -8 - 1) - (-10 - -30).
-14
What is (-19 - (-63 - -15)) + -12?
17
0 - ((17 - 32) + (10 - 1))
6
What is the value of -12 + -2 + 9 + 13 - -12?
20
What is 3 + (-3 - (5 + -19)) - (8 + -5)?
11
Evaluate 54 + -10 + -39 - (2 + -2 - -22).
-17
Evaluate 2 + (63 - 58) + 1 + -5.
3
What is the value of 41 - (-22 + -1 - -27)?
37
Evaluate -21 + 1 + (1 - 1) - (2 + -6).
-16
What is the value of (17 + (-11 - -4) - 11) + 15?
14
What is 26 + 2 + -7 + -4 + (3 - -8)?
28
2 + 35 + -13 + -9 + 8 + 1
24
Evaluate (0 - 4) + (13 - (10 - 7)).
6
Evaluate 29 + (3 - (64 + -31)).
-1
Evaluate -14 + (10 - 3) - -26 - 6.
13
What is the value of (0 - 0) + (14 - (17 - -7)) - -15?
5
Calculate -5 + -1 - (-15 - (2 + 7)).
18
Evaluate (16 - -16 - 2) + -19.
11
Evaluate 26 - (13 - (-20 - 1)).
-8
Calculate -9 + (-13 - (-3 - 15)).
-4
Evaluate 29 + ((5 - (13 + -5)) + 7 - -5).
38
-5 + -3 + 2 - (1918 + -1888)
-36
4 + -1 - (5 - 28) - (-1 - 0)
27
Calculate -10 + 1 - (-14 - -10).
-5
(-8 + 4 + 8 - -2) + 43 + -28
21
Calculate -40 - (-36 + 14) - -13.
-5
Evaluate -14 - (-20 - -10 - 13).
9
What is (-6 - (-1 + (-3 - 8))) + 8?
14
What is the value of -2 + -12 + (-40 + 39 - (-2 - 0))?
-13
What is 6 + -16 + (36 - 7) - -7?
26
What is 22 + (37 - (14 - -55))?
-10
What is -17 + (-25 + 6 - -15 - -14)?
-7
(-1 - (12 - -4)) + 6
-11
What is (20 + -11 - 7) + 0 - (-1 + 3)?
0
(-8 - (8 + -3 + -8)) + 4
-1
-1 + (0 - 1) - ((30 - 11) + -25)
4
What is the value of -30 - (-28 + -48 - -24)?
22
Calculate (-41 - 9) + 24 + 9.
-17
What is 1 + -2 + (-3 - (-5 - (4 - 1)))?
4
Calculate -22 + 1 + (-24 + -14 - -53).
-6
What is the value of 20 - (-3 + 5 - -9)?
9
Evaluate -25 + 6 + (-9 + 18 - 5).
-15
Evaluate (18 - 23) + (11 - (3 - -10)).
-7
1 + (13 - (17 - 5))
2
What is (-46 - (-22 - 1)) + 19?
-4
Evaluate -17 + 39 - 19 - 22.
-19
Evaluate -12 + 5 + 20 + -8 + 2 + -3.
4
What is 3 + -14 + (431 - 393)?
27
What is -1140 + 1163 + -10 + -2 + 2 + 2?
15
Calculate (1 - -8) + (-26 - -33) + 0 + -3.
13
Evaluate 59 + 28 + -85 - (9 - (1 - 0)).
-6
What is the value of -11 + (-39 - (-27 - 33))?
10
Evaluate -3 + 1 - (33 + (-21 - 10)).
-4
(-2 + 10 - 5 - 3) + 36
36
Evaluate 17 - (-4 + 12) - 21.
-12
What is the value of (6 - (-8 - ((-7 - -4) + -14))) + -4?
-7
Calculate -6 + 7 + 35 + -19.
17
What is (10 + 11 - 12) + -2?
7
What is the value of (5 - 16) + 10 + -12?
-13
What is 4 - (-24 - (-11 + (2 - (7 - 15))))?
27
What is the value of 4 + (-42 - -47) + -38?
-29
What is -14 + (-20 - -7 - -9 - 17)?
-35
Calculate -8 + (-4 - -8 - 6 - -7 - 0).
-3
Calculate -9 + 7 - -42 - 23.
17
What is the value of (-26 - (-12 + 3)) + 26?
9
What is the value of -6 - (-4 + -4 + 6 + 1 + 2)?
-7
What is -11 + (7 - -14) + -2?
8
Evaluate (-3 + 0 - (-1 - 17)) + -6 + 1.
10
Calculate 6 - (-17 - -52) - -40.
11
Calculate 13 + (-37 - -9) + (-4 - -15).
-4
Evaluate (-335 - -350 - (21 - 0)) + (7 - -2).
3
What is the value of (-6 - -15) + -20 + (31 - 0)?
20
Calculate -5 + -1 + 8 + (1 - -8).
11
-2 + 1 + (7 - (3 + (2 - 0)))
1
Calculate (-3 - -2) + -3 + (55 - 58).
-7
What is -110 + 117 - (-2 - -7)?
2
Evaluate 1 - -7 - ((-30 - 30) + 48).
20
Evaluate -17 + (2 + -3 - -4) - (309 - 311).
-12
Evaluate 91 - 85 - ((4 - 1) + 22 - 4).
-15
Calculate (15 - -5 - 21) + (2 - 4).
-3
What is -6 - -4 - (4 - 0 - (-5 - -21))?
10
What is 17 + (17 - 38) + 2?
-2
What is the value of 3 + (-9 - (2 + 0)) + -3?
-11
Evaluate -8 - ((-19 - -13) + (-14 - 1)).
13
Evaluate -13 + 6 + 34 + -11.
16
What is 1 + 14 + (-12 - (6 + -7 + -6))?
10
Calculate 37 + -18 + (-11 - 23).
-15
4 + (4 - ((8 - 10 - -21) + 6))
-17
Evaluate 21 - 41 - -34 - 3.
11
Evaluate 2 + -5 + 1 + 14 + -3 - 32.
-23
Calculate 5 - 0 - (15 + -8 + 3).
-5
What is ((19 - 3) + -6 - 21) + -1?
-12
(2 - (-1 - 3)) + -1 + -12
-7
What is 421 + -439 - (0 + -4 - -4 - -12)?
-30
What is the value of 7 + 12 + (-16 - -2)?
5
Calculate 0 + -9 + -30 + 19 + 8.
-12
What is the value of 8 - (5 + -1) - (-2 - 13)?
19
Evaluate (11 + -6 - 11 - (4 + -4)) + -4.
-10
What is (1 - (-1 - 7)) + -34 + 28 + 12?
15
What is the value of -14 + (1 - (-4 + 2) 